196205?
196201
In base 2, what is 110000010001001101 - 11?
110000010001001010
In base 5, what is 2131 - 11013?
-3332
In base 14, what is -d1 - -1dc?
10b
In base 16, what is -44 + 2bc?
278
In base 5, what is 322214 - 112?
322102
In base 4, what is 233212 + -212131?
21021
In base 3, what is -20021120112 - -1?
-20021120111
In base 11, what is 7 + -1276?
-126a
In base 5, what is -2 + -310214?
-310221
In base 16, what is -c - 381?
-38d
In base 15, what is e31 + -312?
b1e
In base 9, what is -403 + 13?
-380
In base 11, what is 189 + -7708?
-752a
In base 2, what is -111 - -110100110000010101?
110100110000001110
In base 4, what is -201 - 2002012?
-2002213
In base 16, what is -477 + 2?
-475
In base 8, what is 3026 + -105?
2721
In base 5, what is -2004240 - -443?
-2003242
In base 9, what is 14 - -20764?
20778
In base 8, what is -725 + 66?
-637
In base 8, what is -6206333 - -3?
-6206330
In base 13, what is -31 - -120a4?
12073
In base 15, what is -5 + 3b151?
3b14b
In base 12, what is -3 + -a7b68?
-a7b6b
In base 5, what is 2 + -12101403?
-12101401
In base 15, what is 5 - -121c?
1222
In base 5, what is 1124230 - 3?
1124222
In base 15, what is 8115 + 8?
811d
In base 10, what is 478295 - 5?
478290
In base 5, what is -10 + 422300?
422240
In base 15, what is -1 - -18a7b2?
18a7b1
In base 15, what is 4 - -accd5?
accd9
In base 8, what is 4527 - -140?
4667
In base 16, what is -ace + 0?
-ace
In base 10, what is 2213 - 62?
2151
In base 13, what is -6 + -3355b?
-33564
In base 2, what is 101 + 100101011001001000?
100101011001001101
In base 13, what is -145 - -4a5?
360
In base 9, what is -861 - -13?
-847
In base 6, what is -1504 - 130350?
-132254
In base 5, what is -10 - 40301121?
-40301131
In base 8, what is 2 + 30122?
30124
In base 4, what is 11 - 223211012?
-223211001
In base 5, what is -202442322 + 4?
-202442313
In base 7, what is 5 - 3414424?
-3414416
In base 4, what is 202203121 + -10?
202203111
In base 6, what is 542125 + -20?
542105
In base 4, what is 210132020 + 10?
210132030
In base 7, what is 1161 + -101?
1060
In base 5, what is 1 + 213242?
213243
In base 10, what is 1 + 3252?
3253
In base 4, what is -22 + -2310232?
-2310320
In base 10, what is -861 - -17?
-844
In base 2, what is 11001011 - -1110111?
101000010
In base 7, what is 432 + -662?
-230
In base 14, what is -18 - 3140?
-3158
In base 4, what is -121112330 + -10?
-121113000
In base 9, what is -2307 + -6?
-2314
In base 7, what is 15 + 1312?
1330
In base 16, what is -ca5 + -b?
-cb0
In base 4, what is -203211220 + -3?
-203211223
In base 11, what is -628 + 7a?
-559
In base 14, what is -24 + -2c01?
-2c25
In base 2, what is 101101 + -10011001011011?
-10011000101110
In base 6, what is -144 + -112534?
-113122
In base 15, what is -8a - 5d5?
-670
In base 16, what is 4 - -24a6?
24aa
In base 13, what is -73c - -64?
-6a8
In base 9, what is -168 - -73?
-85
In base 3, what is -122 + 1102?
210
In base 2, what is -110000101000111001000 + 10?
-110000101000111000110
In base 9, what is 278 + -3328?
-3040
In base 11, what is 5 + -9757?
-9752
In base 3, what is -1112 - 200011101?
-200012220
In base 16, what is b6 + 13c?
1f2
In base 6, what is 14250 + 10104?
24354
In base 4, what is -11103112 - -103?
-11103003
In base 4, what is -23300001002 + 1?
-23300001001
In base 13, what is 2679 + 2?
267b
In base 15, what is -b10 - -5?
-b0a
In base 16, what is 1c18 - 2?
1c16
In base 8, what is 14 - 264300?
-264264
In base 13, what is 2 - -3a916?
3a918
In base 14, what is 57 - -4d?
a6
In base 12, what is 3 + -7b0b2?
-7b0ab
In base 2, what is -100 + -11101010010000?
-11101010010100
In base 13, what is 43c + -b0?
35c
In base 14, what is -1 + 74?
73
In base 8, what is 154743 + -3?
154740
In base 11, what is -8746 + 1?
-8745
In base 10, what is -1 + -24205?
-24206
In base 6, what is -4 + -541350?
-541354
In base 11, what is 22 - -a866?
a888
In base 8, what is -4 + -47637?
-47643
In base 13, what is 0 + 5087?
5087
In base 5, what is 41040021 - -10?
41040031
In base 9, what is -46 - 5146?
-5203
In base 15, what is -d + -10ec?
-110a
In base 10, what is -95 + -8638?
-8733
In base 5, what is 1130402 + -440?
1124412
In base 3, what is -1000102 - -11011?
-212021
In base 12, what is -2a3 - 2a2a?
-3111
In base 6, what is -1414 - 32443?
-34301
In base 13, what is 7 + -163b6?
-163ac
In base 16, what is -29 - -cd?
a4
In base 10, what is 90737 - 3?
90734
In base 16, what is -5 + 3a30?
3a2b
In base 11, what is 27 - 1372?
-1346
In base 4, what is -3320 + -1002?
-10322
In base 3, what is -1200 - 212000?
-220200
In base 10, what is -6 - -7480?
7474
In base 16, what is 2 + -10ed?
-10eb
In base 7, what is -12242 + 142?
-12100
In base 7, what is -5636464 + -2?
-5636466
In base 12, what is -5 + -56ba?
-5703
In base 7, what is -2551564 - -6?
-2551555
In base 10, what is 39 + -679?
-640
In base 11, what is 79 + -664?
-596
In base 11, what is -45 + 11905?
11870
In base 15, what is 5 - -56b63?
56b68
In base 14, what is b0b9 - -80?
b159
In base 11, what is -1 - -50969?
50968
In base 10, what is 1 + -351?
-350
In base 12, what is 1a75aa + 0?
1a75aa
In base 7, what is 14441 - 3?
14435
In base 7, what is -40 + -566?
-636
In base 6, what is 30 - 10324?
-10254
In base 6, what is -4443332 + -5?
-4443341
In base 2, what is -100111100101001101101 - -1?
-100111100101001101100
In base 12, what is -17b + 235?
76
In base 8, what is 2 - -411267?
411271
In base 16, what is -145d - 3?
-1460
In base 6, what is -2323 + 5?
-2314
In base 5, what is 0 - -202033?
202033
In base 2, what is 100011100100010 + -101101?
100011011110101
In base 11, what is -17 + 10365?
10349
In base 5, what is -313 + -2131?
-2444
In base 6, what is -25223 - -24?
-25155
In base 6, what is 24234 + -21?
24213
In base 12, what is 3 + -1a027a?
-1a0277
In base 3, what is 121 + -21020010?
-21012112
In base 2, what is 10010111 - -11001011011?
11011110010
In base 10, what is -4 - 231201?
-231205
In base 5, what is -4 + -23324204?
-23324213
In base 2, what is 101 - 100001010101001001?
-100001010101000100
In base 11, what is -2 + 9677?
9675
In base 16, what is -27719 + 2?
-27717
In base 5, what is -34 + 133343?
133304
In base 3, what is 10 + 11102212000?
11102212010
In base 12, what is 1561 + 11?
1572
In base 2, what is 11 - 110000?
-101101
In base 8, what is 756 - -347?
1325
In base 12, what is 15 - 8548?
-8533
In base 10, what is -766 + 38?
-728
In base 7, what is 66 + -3565?
-3466
In base 4, what is -1111 - 312?
-2023
In base 11, what is -5294 + 47?
-5248
In base 4, what is -2 + -3320021?
-3320023
In base 10, what is 0 - -359?
359
In base 9, what is -5886 + 11?
-5875
In base 10, what is 12044 + -1?
12043
In base 11, what is -37 + 139?
102
In base 13, what is -21b + 143?
-a8
In base 12, what is 3129 - b3?
3036
In base 7, what is 4 - 2246424?
-2246420
In base 15, what is -9422 + -8?
-942a
In base 4, what is -13033220 + 3222?
-13023332
In base 4, what is -1023320 + 20?
-1023300
In base 5, what is 44043243 - 0?
44043243
In base 7, what is -40655 - 330?
-41315
In base 9, what is -5 + 1350370?
1350364
In base 13, what is -51a - -72?
-478
In base 10, what is -50 - -798?
748
In base 10, what is 19 + -4631?
-4612
In base 10, what is -6507 - 6?
-6513
In base 14, what is -3 + -6b?
-70
In base 6, what is 401 - 401?
0
In base 10, what is -9 + -11814?
-11823
In base 14, what is 2 - 16183?
-16181
In base 13, what is 3021 + b?
302c
In base 9, what is -1206737 + -3?
-1206741
In base 13, what is -5 - -5aaa5?
5aaa0
In base 7, what is -1443 - 4?
-1450
In base 9, what is -2027 - 16?
-2044
In base 14, what is 0 + c5b06?
c5b06
In base 15, what is -203b + -14?
-2050
In base 12, what is a689 + -2?
a687
In base 4, what is 300112 - -331?
301103
In base 8, what is 1432 + 104?
1536
In base 2, what is -101010 - 1011?
-110101
In base 16, what is 3 + -8dbb9?
-8dbb6
In base 3, what is -202011 + 1212?
-200022
In base 16, what is -1182 + 16a?
-1018
In base 3, what is 10011020 + 11012?
10022102
In base 12, what is 5 + -18266?
-18261
In base 6, what is 44501332 + -3?
44501325
In base 2, what is -100011 + -1011000?
-1111011
In base 11, what is -131 - -33?
-a9
In base 3, what is -2 + 122121202012?
122121202010
In base 9, what is 4 - -24032?
24036
In base 4, what is -110211300202 + 3?
-110211300133
In base 3, what is -1101000 - -10?
-1100220
In base 2, w